t is 428ae (base 15) in base 10?
211214
-125748 (base 10) to base 5
-13010443
What is -6964d (base 14) in base 15?
-50eac
1151011113 (base 6) to base 12
4509a99
Convert -101014231 (base 6) to base 5.
-420303043
What is c590e7 (base 16) in base 12?
4404a5b
Convert 99270 (base 12) to base 4.
301130310
What is 2322113322 (base 4) in base 16?
ba5fa
Convert 16611831 (base 9) to base 8.
37625063
1966254 (base 11) to base 13
8c1b18
Convert 238ed (base 15) to base 2.
11011101011110110
-73bd (base 16) to base 8
-71675
Convert 1230150 (base 6) to base 8.
201162
What is -1b18405 (base 12) in base 13?
-1267c85
Convert -23722255 (base 8) to base 7.
-62236130
640230 (base 7) to base 14
2c417
What is 4677b2 (base 15) in base 11?
199a431
-47a0664 (base 11) to base 6
-455111235
-111110000100101110110 (base 2) to base 16
-1f0976
What is -27657 (base 15) in base 9?
-212231
What is -14102343 (base 6) in base 10?
-474903
Convert 10330434 (base 5) to base 15.
1b7b4
What is e935 (base 16) in base 5?
3402301
Convert 53450340 (base 6) to base 3.
2222010201220
-334612 (base 9) to base 10
-200243
What is -d28ca (base 15) in base 7?
-5445133
-362e00 (base 16) to base 4
-31202320000
What is 4066663 (base 8) in base 15?
164024
Convert -1b004a (base 12) to base 4.
-1310130322
What is -127840 (base 14) in base 12?
-267914
What is 3268173 (base 10) in base 11?
1932477
-131949 (base 11) to base 15
-416ec
Convert -1685 (base 11) to base 13.
-c95
Convert 135531422 (base 6) to base 16.
2aa946
1161031 (base 9) to base 2
10011001111101010101
Convert -23263 (base 9) to base 15.
-4903
What is -62842 (base 14) in base 10?
-237610
What is -d2aa9 (base 14) in base 6?
-14511125
Convert -311023223 (base 4) to base 15.
-44825
Convert 12a961 (base 13) to base 11.
289646
Convert 1603b (base 15) to base 16.
11513
What is 34882 (base 13) in base 12?
47621
Convert a4de24 (base 16) to base 13.
2313c74
Convert -14569877 (base 10) to base 7.
-234561530
What is -3a0430 (base 11) in base 16?
-99d40
What is -121111202210011 (base 3) in base 11?
-4a53112
What is 30312545 (base 7) in base 8?
11502377
-428745 (base 9) to base 8
-763416
What is 5b169 (base 13) in base 6?
3330112
What is -1111110100011110011 (base 2) in base 13?
-151c4c
-96793 (base 10) to base 9
-156687
Convert -516545 (base 9) to base 7.
-2414645
What is -10100200201 (base 3) in base 10?
-66115
-122023110002 (base 4) to base 13
-1563506
Convert 1ffdaa (base 16) to base 15.
2b6304
426142 (base 9) to base 12
102a6b
Convert 40207672 (base 8) to base 16.
810fba
2010767 (base 10) to base 14
3a4b03
Convert 253b6 (base 13) to base 10.
68763
Convert -2018557 (base 9) to base 12.
-43a644
What is -782d6a (base 14) in base 8?
-17441142
Convert -30314051 (base 7) to base 10.
-2524859
71685 (base 10) to base 5
4243220
Convert 110420404 (base 7) to base 3.
110112101120221
Convert -16635456 (base 7) to base 12.
-6708b6
Convert -1010230432 (base 5) to base 2.
-111110001111011000100
Convert c60d6c (base 16) to base 4.
301200311230
11424033 (base 6) to base 5
43024143
-320320223020 (base 4) to base 5
-12304142300
What is 129ca0 (base 13) in base 4?
1231330222
446057 (base 10) to base 13
128051
What is 1022221300 (base 5) in base 10?
2148325
Convert -50b6d0 (base 14) to base 8.
-12301626
15150423 (base 9) to base 16
72ef55
Convert 23122032 (base 5) to base 9.
346002
Convert -10ba70 (base 13) to base 10.
-397241
What is -16404341 (base 7) in base 12?
-650a85
What is 74151 (base 11) in base 4?
122113110
Convert 2913491 (base 11) to base 3.
100102121220012
What is -2530135 (base 8) in base 5?
-134404014
Convert 1823078 (base 10) to base 13.
4baa5a
-100111000100011010101 (base 2) to base 16
-1388d5
577225 (base 10) to base 13
17296c
-356e5 (base 16) to base 14
-59a85
What is -6281646 (base 9) in base 10?
-3360489
What is 4247614 (base 8) in base 3?
2010122012122
What is -144401 (base 5) in base 14?
-23aa
-10012201011 (base 3) to base 9
-105634
-2d0207 (base 15) to base 4
-20103210310
Convert 2276346 (base 8) to base 9.
1146846
101001010010001010 (base 2) to base 12
81a36
Convert -6d3f0 (base 16) to base 10.
-447472
-497493 (base 10) to base 4
-1321131111
What is 32053154 (base 7) in base 14?
50ac9b
What is -203525231 (base 7) in base 3?
-211112022011122
10100323200 (base 4) to base 6
35543320
-700873 (base 10) to base 16
-ab1c9
-102202110211101 (base 3) to base 14
-b893d5
Convert 45b529 (base 12) to base 13.
3022c2
-161ee6 (base 16) to base 5
-332342302
479176 (base 10) to base 11
2a8015
Convert 544106 (base 9) to base 15.
6622c
What is 50b58a (base 14) in base 3?
12010012200210
Convert -1964364 (base 10) to base 13.
-53a15c
Convert 6d1d (base 14) to base 9.
28104
What is 2001131223 (base 4) in base 9?
887363
b79618 (base 14) to base 3
102200112201020
-1322844 (base 9) to base 3
-1100202221111
Convert 1617772 (base 8) to base 14.
c224a
What is 101000010111110010 (base 2) in base 14?
44398
What is 2112131310 (base 4) in base 10?
616308
Convert 602630 (base 7) to base 12.
4ab2b
Convert 7666367 (base 11) to base 9.
27300405
-121002020222 (base 3) to base 2
-1001101010010011110
Convert -3600263 (base 9) to base 2.
-111011011110010100100
Convert -16710 (base 13) to base 9.
-64810
Convert 317892 (base 12) to base 2.
10111110100100101110
Convert 24102550 (base 6) to base 8.
2702342
Convert -11b800 (base 12) to base 2.
-1000110101111000000
Convert 6797b (base 14) to base 13.
8a681
Convert 244242 (base 15) to base 11.
a85801
-5238445 (base 9) to base 12
-b3107b
Convert -a6b354 (base 12) to base 4.
-22002220300
What is -100001011111010000 (base 2) in base 12?
-67468
Convert -2411cc7 (base 13) to base 2.
-101010100111011110011011
-122113112120 (base 4) to base 9
-14003565
253372 (base 8) to base 15
1b037
What is -10110001111010101 (base 2) in base 12?
-44871
-36a38 (base 12) to base 3
-10202120222
Convert -20022021101210 (base 3) to base 2.
-1100110010001111010000
What is 222301002 (base 4) in base 14?
47ba2
Convert -763399 (base 15) to base 9.
-11531310
What is -244314233 (base 5) in base 11?
-727714
What is -29a1c (base 16) in base 3?
-22122220201
-4988c (base 14) to base 7
-1346635
Convert -dcd94b (base 14) to base 12.
-261273b
Convert -fbfb (base 16) to base 9.
-107434
Convert 11000101111000000100111 (base 2) to base 5.
3124442012
What is 300011033210 (base 4) in base 3?
212201100222012
Convert 453154 (base 8) to base 14.
3db88
1125634 (base 12) to base 13
8b07a4
Convert -20040054 (base 7) to base 13.
-460119
-20573 (base 12) to base 14
-1159d
Convert -80237 (base 13) to base 4.
-313320020
What is 100001111111111111110000 (base 2) in base 6?
515011200
Convert -110a3a (base 11) to base 15.
-37665
-59a4a3 (base 14) to base 8
-13536677
What is a292 (base 14) in base 10?
27960
Convert 120a85 (base 12) to base 13.
a2ab8
What is -3030223212 (base 4) in base 8?
-3145346
Convert 1a942c (base 14) to base 7.
11024255
Convert -4d1710 (base 14) to base 11.
-1553686
106195 (base 10) to base 9
171604
What is -1206215 (base 7) in base 15?
-306db
-351320151 (base 6) to base 5
-3131324141
947b9 (base 14) to base 15
7123a
121230301 (base 4) to base 6
2131201
Convert -5545016 (base 8) to base 10.
-1493518
8605417 (base 9) to base 3
22200012110121
Convert 6210672 (base 9) to base 6.
155005532
1101100110100110000101 (base 2) to base 14
68b793
What is -1222012220201 (base 3) in base 9?
-1865821
What is -4853843 (base 10) in base 11?
-2815845
Convert 18d2c (base 14) to base 8.
172754
Convert 6a17a8 (base 12) to base 10.
1703216
82804 (base 14) to base 15
63243
Convert -11100011101111011111110 (base 2) to base 16.
-71defe
Convert 113200 (base 6) to base 4.
2121000
Convert 240131152 (base 6) to base 2.
10001001000011010101100
Convert 5849d (base 16) to base 5.
43033004
What is 1603375 (base 9) in base 2?
11011000110110101001
Convert -222aa (base 13) to base 14.
-18842
Convert 17b4a8 (base 14) to base 2.
11001100100011011100
Convert 2231321313 (base 4) to base 9.
1305086
12419d (base 16) to base 12
498479
Convert 22414404 (base 5) to base 10.
201229
-241570 (base 9) to base 14
-3b079
What is -1334455234 (base 6) in base 8?
-75564746
Convert 48368 (base 12) to base 8.
276000
Convert 131a6 (base 14) to base 11.
32339
Convert 1005315555 (base 6) to base 11.
5920298
What is 10324202 (base 5